{"id":22541,"date":"2023-06-07T13:10:53","date_gmt":"2023-06-07T18:10:53","guid":{"rendered":"https:\/\/palmer.com.mx\/tienda\/?post_type=product&#038;p=22541"},"modified":"2026-04-13T14:19:43","modified_gmt":"2026-04-13T19:19:43","slug":"locion-capilar","status":"publish","type":"product","link":"https:\/\/palmer.com.mx\/tienda\/producto\/locion-capilar\/","title":{"rendered":"Loci\u00f2n Capilar"},"content":{"rendered":"<p>Para todo tipo de cabello ya que contiene las enormes propiedades de la placenta embrionaria y el l\u00edquido amni\u00f3tico (cuerpo amarillo). La loci\u00f3n capilar Palmer\u00ae: nutre y reafirma el bulbo piloso, reestructura, tonifica, suaviza, da consistencia y cuerpo al cabello.<\/p>\n<p>Las sustancias naturales embrionarias que contiene la loci\u00f3n capilar Palmer\u00ae son preventivas y correctivas, favoreciendo que nuestro cabello se mantenga suave, terso y brilloso.<\/p>\n","protected":false},"excerpt":{"rendered":"<p>Para todo tipo de cabello ya que contiene las enormes propiedades de la placenta embrionaria y el l\u00edquido amni\u00f3tico (cuerpo amarillo). La loci\u00f3n capilar Palmer\u00ae: nutre y reafirma el bulbo piloso, reestructura, tonifica, suaviza, da consistencia y cuerpo al cabello.<\/p>\n","protected":false},"featured_media":22544,"comment_status":"open","ping_status":"closed","template":"","meta":{"spay_email":""},"product_cat":[443,442],"product_tag":[],"_links":{"self":[{"href":"https:\/\/palmer.com.mx\/tienda\/wp-json\/wp\/v2\/product\/22541"}],"collection":[{"href":"https:\/\/palmer.com.mx\/tienda\/wp-json\/wp\/v2\/product"}],"about":[{"href":"https:\/\/palmer.com.mx\/tienda\/wp-json\/wp\/v2\/types\/product"}],"replies":[{"embeddable":true,"href":"https:\/\/palmer.com.mx\/tienda\/wp-json\/wp\/v2\/comments?post=22541"}],"version-history":[{"count":3,"href":"https:\/\/palmer.com.mx\/tienda\/wp-json\/wp\/v2\/product\/22541\/revisions"}],"predecessor-version":[{"id":22599,"href":"https:\/\/palmer.com.mx\/tienda\/wp-json\/wp\/v2\/product\/22541\/revisions\/22599"}],"wp:featuredmedia":[{"embeddable":true,"href":"https:\/\/palmer.com.mx\/tienda\/wp-json\/wp\/v2\/media\/22544"}],"wp:attachment":[{"href":"https:\/\/palmer.com.mx\/tienda\/wp-json\/wp\/v2\/media?parent=22541"}],"wp:term":[{"taxonomy":"product_cat","embeddable":true,"href":"https:\/\/palmer.com.mx\/tienda\/wp-json\/wp\/v2\/product_cat?post=22541"},{"taxonomy":"product_tag","embeddable":true,"href":"https:\/\/palmer.com.mx\/tienda\/wp-json\/wp\/v2\/product_tag?post=22541"}],"curies":[{"name":"wp","href":"https:\/\/api.w.org\/{rel}","templated":true}]}}